{"id":50,"date":"2021-07-15T13:15:53","date_gmt":"2021-07-15T11:15:53","guid":{"rendered":"http:\/\/corpsacoeur.eu\/?page_id=50"},"modified":"2021-07-15T13:25:24","modified_gmt":"2021-07-15T11:25:24","slug":"nos-chevaux","status":"publish","type":"page","link":"https:\/\/corpsacoeur.eu\/index.php\/nos-chevaux\/","title":{"rendered":"Nos chevaux"},"content":{"rendered":"\n<p>Nos chevaux aiment accompagner les coach\u00e9s et ont choisi de faire ce m\u00e9tier.&nbsp;<\/p>\n\n\n\n<p>Plus important encore, ils ont toujours le choix de participer ou non aux s\u00e9ances.<\/p>\n","protected":false},"excerpt":{"rendered":"<p>Nos chevaux aiment accompagner les coach\u00e9s et ont choisi de faire ce m\u00e9tier.&nbsp; Plus important encore, ils ont toujours le choix de participer ou non aux s\u00e9ances.<\/p>\n","protected":false},"author":1,"featured_media":0,"parent":0,"menu_order":0,"comment_status":"closed","ping_status":"closed","template":"","meta":[],"_links":{"self":[{"href":"https:\/\/corpsacoeur.eu\/index.php\/wp-json\/wp\/v2\/pages\/50"}],"collection":[{"href":"https:\/\/corpsacoeur.eu\/index.php\/wp-json\/wp\/v2\/pages"}],"about":[{"href":"https:\/\/corpsacoeur.eu\/index.php\/wp-json\/wp\/v2\/types\/page"}],"author":[{"embeddable":true,"href":"https:\/\/corpsacoeur.eu\/index.php\/wp-json\/wp\/v2\/users\/1"}],"replies":[{"embeddable":true,"href":"https:\/\/corpsacoeur.eu\/index.php\/wp-json\/wp\/v2\/comments?post=50"}],"version-history":[{"count":2,"href":"https:\/\/corpsacoeur.eu\/index.php\/wp-json\/wp\/v2\/pages\/50\/revisions"}],"predecessor-version":[{"id":74,"href":"https:\/\/corpsacoeur.eu\/index.php\/wp-json\/wp\/v2\/pages\/50\/revisions\/74"}],"wp:attachment":[{"href":"https:\/\/corpsacoeur.eu\/index.php\/wp-json\/wp\/v2\/media?parent=50"}],"curies":[{"name":"wp","href":"https:\/\/api.w.org\/{rel}","templated":true}]}}