{"id":49,"date":"2021-07-15T13:15:53","date_gmt":"2021-07-15T11:15:53","guid":{"rendered":"http:\/\/corpsacoeur.eu\/?page_id=49"},"modified":"2021-07-15T13:24:47","modified_gmt":"2021-07-15T11:24:47","slug":"equicoaching","status":"publish","type":"page","link":"https:\/\/corpsacoeur.eu\/index.php\/equicoaching\/","title":{"rendered":"Equicoaching"},"content":{"rendered":"\n<p>Avec le cheval, on va plus vite et plus loin, au sens propre comme au figur\u00e9.<\/p>\n\n\n\n<p>Le cheval vit dans l\u2019instant pr\u00e9sent.<\/p>\n\n\n\n<p>Il ne juge pas.<\/p>\n\n\n\n<p>Il ne ment pas et d\u2019ailleurs, on ne ment pas \u00e0 un cheval non plus.&nbsp;<\/p>\n\n\n\n<p>Le cheval se d\u00e9finit par la puret\u00e9 de son authenticit\u00e9.<\/p>\n\n\n\n<p>Il est capable de ressentir vos \u00e9motions et a le talent de se mettre au diapason avec vous.<\/p>\n\n\n\n<p>Il est le r\u00e9v\u00e9lateur de ce qui se passe dans votre c\u0153ur et dans votre corps.<\/p>\n","protected":false},"excerpt":{"rendered":"<p>Avec le cheval, on va plus vite et plus loin, au sens propre comme au figur\u00e9. Le cheval vit dans l\u2019instant pr\u00e9sent. Il ne juge pas. Il ne ment pas et d\u2019ailleurs, on ne ment pas \u00e0 un cheval non plus.&nbsp; Le cheval se d\u00e9finit par la puret\u00e9 de son authenticit\u00e9. Il est capable de &hellip; <\/p>\n<p class=\"link-more\"><a href=\"https:\/\/corpsacoeur.eu\/index.php\/equicoaching\/\" class=\"more-link\">Continue reading<span class=\"screen-reader-text\"> &#8220;Equicoaching&#8221;<\/span><\/a><\/p>\n","protected":false},"author":1,"featured_media":0,"parent":0,"menu_order":0,"comment_status":"closed","ping_status":"closed","template":"","meta":[],"_links":{"self":[{"href":"https:\/\/corpsacoeur.eu\/index.php\/wp-json\/wp\/v2\/pages\/49"}],"collection":[{"href":"https:\/\/corpsacoeur.eu\/index.php\/wp-json\/wp\/v2\/pages"}],"about":[{"href":"https:\/\/corpsacoeur.eu\/index.php\/wp-json\/wp\/v2\/types\/page"}],"author":[{"embeddable":true,"href":"https:\/\/corpsacoeur.eu\/index.php\/wp-json\/wp\/v2\/users\/1"}],"replies":[{"embeddable":true,"href":"https:\/\/corpsacoeur.eu\/index.php\/wp-json\/wp\/v2\/comments?post=49"}],"version-history":[{"count":2,"href":"https:\/\/corpsacoeur.eu\/index.php\/wp-json\/wp\/v2\/pages\/49\/revisions"}],"predecessor-version":[{"id":73,"href":"https:\/\/corpsacoeur.eu\/index.php\/wp-json\/wp\/v2\/pages\/49\/revisions\/73"}],"wp:attachment":[{"href":"https:\/\/corpsacoeur.eu\/index.php\/wp-json\/wp\/v2\/media?parent=49"}],"curies":[{"name":"wp","href":"https:\/\/api.w.org\/{rel}","templated":true}]}}